 base 15?
416769
Convert -521b23 (base 13) to base 9.
-3542486
Convert 273808 (base 12) to base 14.
12c808
What is 350929 (base 11) in base 14?
10723c
What is 2735a (base 14) in base 11?
66727
What is -7269696 (base 11) in base 2?
-110000111010110010000101
What is 51311b (base 12) in base 16?
1361e7
What is 20450110 (base 6) in base 5?
123104443
-102012210102 (base 3) to base 10
-220736
What is 201212121221 (base 3) in base 10?
391201
Convert -1096246 (base 11) to base 15.
-27b608
What is -31821771 (base 9) in base 16?
-ea7c36
-133110 (base 6) to base 11
-9311
8088315 (base 9) to base 2
10000011100010001011001
What is -112331211 (base 4) in base 13?
-33a6b
-e9e7 (base 16) to base 6
-1141115
1a3719 (base 14) to base 6
31545003
What is -576604 (base 8) in base 13?
-6b27a
Convert 132003302331 (base 4) to base 13.
182b85a
Convert -114279 (base 10) to base 6.
-2241023
Convert -1185117 (base 9) to base 7.
-5332324
Convert -132201511 (base 6) to base 2.
-1010000001110001010011
-11e4e (base 16) to base 4
-101321032
Convert -1220012222202 (base 3) to base 13.
-293b8b
Convert -1345521 (base 6) to base 7.
-435601
What is -623251 (base 7) in base 14?
-2acd1
Convert -1122101322 (base 4) to base 5.
-43313121
-12040a (base 12) to base 9
-483021
What is -234116610 (base 7) in base 15?
-1414099
Convert -13100232 (base 5) to base 16.
-1f4c0
Convert 2322200220 (base 5) to base 10.
5271935
201335441 (base 6) to base 4
31012131301
What is -12bcbd0 (base 14) in base 12?
-3050982
What is 10102201021021 (base 3) in base 8?
6754163
What is -61201333 (base 7) in base 15?
-6a90aa
Convert 1240334 (base 8) to base 9.
574237
Convert -567763 (base 8) to base 15.
-3c084
-bb95da (base 16) to base 15
-112c82e
What is -1c007 (base 16) in base 5?
-12132240
Convert 6a9313 (base 13) to base 7.
30351530
What is -664663 (base 9) in base 3?
-202011202010
Convert -3188d (base 14) to base 7.
-1005636
Convert 10110100100001001100 (base 2) to base 5.
142130104
Convert 550a65 (base 11) to base 4.
3112301331
-12011010001 (base 3) to base 6
-2101301
Convert 1838f (base 16) to base 12.
494bb
What is -349664 (base 14) in base 5?
-424334341
Convert 10011011110100111101 (base 2) to base 4.
2123310331
What is 63b7c (base 14) in base 7?
2022415
Convert 13525452 (base 7) to base 6.
43055003
Convert 389516 (base 11) to base 2.
10010101101000010010
-405d1c (base 16) to base 8
-20056434
What is 3a03a (base 12) in base 9?
131081
Convert 211432 (base 10) to base 2.
110011100111101000
What is -54348 (base 11) in base 16?
-13460
-1cc137 (base 14) to base 4
-3323330311
Convert -717608 (base 12) to base 3.
-10100012120022
What is 1591710 (base 13) in base 2?
11010011111001111100100
-22145256 (base 7) to base 2
-111010010011101111001
What is -3103343 (base 7) in base 5?
-43332321
Convert -1153231300 (base 6) to base 10.
-13316724
5001520 (base 6) to base 3
102212120010
ee9245 (base 16) to base 8
73511105
Convert 155abb (base 14) to base 10.
745749
1001010000100111110 (base 2) to base 4
1022010332
108724 (base 9) to base 10
65470
What is 2977989 (base 10) in base 2?
1011010111000011000101
Convert -125940 (base 11) to base 9.
-331684
Convert -c1ba (base 13) to base 9.
-40541
What is -1654455 (base 13) in base 5?
-3321110111
What is -2015256 (base 8) in base 2?
-10000001101010101110
444323 (base 5) to base 15
4943
11010020201 (base 3) to base 15
1906a
Convert -10110101001111011111 (base 2) to base 12.
-2b973b
Convert 101112221210 (base 3) to base 5.
23121412
What is -3b512 (base 12) in base 5?
-10110300
-12112121120 (base 3) to base 2
-11010101000001100
Convert -925ba0 (base 13) to base 2.
-1101000000111100010101
What is a585a (base 12) in base 7?
1563205
What is 17411464 (base 8) in base 4?
33201030310
Convert -538c76 (base 16) to base 2.
-10100111000110001110110
33120333 (base 5) to base 7
2266666
What is 3321020030 (base 4) in base 7?
11450003
Convert -4aa60a9 (base 11) to base 9.
-17580583
What is 1158700 (base 9) in base 13?
190800
-1211221001 (base 4) to base 7
-3352523
What is 1020011120111 (base 3) in base 14?
12dcdb
Convert 8398 (base 13) to base 10.
18208
What is 561425 (base 7) in base 9?
160718
What is -2122033422 (base 5) in base 3?
-22102221122110
What is -97cb92 (base 13) in base 11?
-201913a
What is -3b936 (base 12) in base 4?
-110021322
What is -fa64 (base 16) in base 7?
-354611
Convert 44513 (base 12) to base 9.
147236
13bb60 (base 13) to base 15
98205
What is 24986 (base 13) in base 4?
100133111
Convert -111011000111101001000001 (base 2) to base 16.
-ec7a41
What is 2a49890 (base 12) in base 13?
1a0931c
264869 (base 15) to base 10
1837899
-3348c8 (base 16) to base 2
-1100110100100011001000
-112210120101211 (base 3) to base 14
-108a236
What is -2641307 (base 9) in base 15?
-1d7e84
What is -1100100100001101 (base 2) in base 16?
-c90d
Convert -be090d (base 15) to base 6.
-522134321
What is -144898 (base 12) in base 9?
-567288
Convert 3d9d8 (base 15) to base 14.
52214
What is -3809 (base 15) in base 13?
-5580
-226603 (base 15) to base 12
-672003
Convert 21504522 (base 6) to base 10.
646466
What is -942a80 (base 12) in base 13?
-636498
What is -3855035 (base 11) in base 9?
-13515303
Convert 5413753 (base 8) to base 11.
8a9927
1243221121 (base 5) to base 2
1011110101001011100011
Convert -207696 (base 12) to base 16.
-7cb12
-115001015 (base 6) to base 9
-4112272
Convert 12410450 (base 6) to base 5.
100441242
-450012534 (base 6) to base 5
-4034320244
96a14 (base 12) to base 13
6c433
-15111113 (base 6) to base 9
-875720
23a0008 (base 11) to base 12
1492905
Convert -150057 (base 13) to base 15.
-a2530
Convert 1053721 (base 8) to base 3.
112110102200
111011111001100110001 (base 2) to base 15
28b886
Convert -330225034 (base 6) to base 12.
-1b8517a
17603060 (base 8) to base 10
4130352
22444300 (base 5) to base 9
338508
Convert 5c577 (base 13) to base 12.
82540
What is -13131003122 (base 4) in base 10?
-1954010
What is 411552 (base 6) in base 2?
1000000000111100
10013324 (base 5) to base 6
1410422
-85189 (base 10) to base 7
-503236
-12215142 (base 6) to base 16
-5f846
-116db0 (base 16) to base 4
-10112312300
What is -129647 (base 15) in base 11?
-55a539
What is -28525 (base 9) in base 5?
-1110012
-314d1 (base 15) to base 6
-3203454
Convert 100100102211220 (base 3) to base 15.
682353
Convert -1220 (base 9) to base 13.
-54c
-12023041132 (base 5) to base 13
-2b4b84b
Convert -1037035 (base 8) to base 2.
-1000011111000011101
What is -1131002012 (base 4) in base 14?
-9cc2a
What is -432423 (base 7) in base 4?
-102121002
What is -27c13 (base 13) in base 7?
-430222
What is b6400 (base 14) in base 16?
6b610
What is -959a6 (base 11) in base 7?
-1121040
Convert 2515a (base 11) to base 6.
435123
b4cc8 (base 13) to base 11
202322
-24621534 (base 7) to base 3
-11011222200010
9a7432 (base 11) to base 15
21ab70
-224047 (base 9) to base 5
-13243204
Convert c4758 (base 15) to base 13.
18a54a
-15be00 (base 15) to base 14
-1d5943
-11023221221 (base 4) to base 16
-14ba69
15113054 (base 6) to base 16
7fada
Convert -121012232103 (base 4) to base 15.
-89ee79
Convert 2a819 (base 13) to base 8.
235122
What is 6a007 (base 15) in base 6?
11122311
What is -1c3a072 (base 13) in base 7?
-142546205
a58940 (base 11) to base 10
1695496
What is -113730 (base 16) in base 10?
-1128240
103130330 (base 4) to base 10
79676
24256032 (base 8) to base 5
2331110434
29530 (base 12) to base 10
57780
Convert -1031000123 (base 4) to base 10.
-315419
What is -634625 (base 7) in base 12?
-53602
What is -842a4 (base 14) in base 5?
-40200330
What is -4c7723 (base 13) in base 2?
-111000010010100001111
What is 1000101101011001 (base 2) in base 3?
1210221020
What is -361266 (base 16) in base 10?
-3543654
Convert 21202102201 (base 3) to base 15.
30387
What is 202012330 (base 4) in base 9?
232571
2100051 (base 6) to base 8
305377
110211222 (base 3) to base 8
22230
What is -12213203 (base 4) in base 6?
-325255
What is -1112081 (base 14) in base 7?
-125642221
Convert -358075 (base 9) to base 10.
-215852
Convert -43560600 (base 7) to base 9.
-7038310
What is 1015121 (base 7) in base 8?
355745
Convert 16e98 (base 16) to base 6.
2002252
Convert 1734023 (base 8) to base 13.
149346
15363e (base 16) to base 4
11103120332
-99479 (base 10) to base 9
-161412
Convert 4a